{"id":1132,"date":"2019-06-06T12:36:52","date_gmt":"2019-06-06T10:36:52","guid":{"rendered":"http:\/\/notiziario.societabotanicaitaliana.it\/?page_id=1132"},"modified":"2020-02-12T13:32:12","modified_gmt":"2020-02-12T12:32:12","slug":"volume-3-2019","status":"publish","type":"page","link":"https:\/\/notiziario.societabotanicaitaliana.it\/index.php\/volume-3-2019\/","title":{"rendered":"Volume 3 (2019)"},"content":{"rendered":"\r\n<h2 class=\"wp-block-heading\">VOLUME 3 (2019)<\/h2>\r\n\r\n\r\n\r\n<p><a href=\"https:\/\/notiziario.societabotanicaitaliana.it\/wp-content\/uploads\/2019\/06\/Articoli-10_Stella-alpina-sul-Monte-Pisano.pdf\"><strong>Una stella alpina sul Monte Pisano<\/strong><\/a><br \/>A. Spinelli, F. Garbari<br \/><strong>Riassunto<\/strong> &#8211; <em>Leontopodium alpinum<\/em> risulta introdotto volontariamente sul Monte Pisano, a circa 600 metri di quota, in un contesto ecologico e geografico completamente estraneo alla specie. <br \/><strong>Parole chiave<\/strong>: flora esotica, introduzioni, Toscana <br \/>Ricevuto il 12.06.2018<br \/>Accettato il 04.02.2019<br \/>Pubblicato online il 06.06.2019<\/p>\r\n\r\n\r\n\r\n<p><strong><a href=\"https:\/\/notiziario.societabotanicaitaliana.it\/wp-content\/uploads\/2019\/06\/Articoli-11_Ipotesi-sulla-presenza-di-Glaucium-flavum-nel-barocco-leccese.pdf\">Ipotesi sulla presenza di <\/a><\/strong><em><strong><a href=\"https:\/\/notiziario.societabotanicaitaliana.it\/wp-content\/uploads\/2019\/06\/Articoli-11_Ipotesi-sulla-presenza-di-Glaucium-flavum-nel-barocco-leccese.pdf\">Glaucium flavum<\/a><\/strong><\/em><strong><a href=\"https:\/\/notiziario.societabotanicaitaliana.it\/wp-content\/uploads\/2019\/06\/Articoli-11_Ipotesi-sulla-presenza-di-Glaucium-flavum-nel-barocco-leccese.pdf\"> nel barocco leccese<\/a><\/strong><br \/>E. Raho, R. Accogli, C. Speciale, G.P. Di Sansebastiano<br \/><strong>Riassunto<\/strong> &#8211; Il barocco leccese si caratterizza per la ricca presenza di decorazioni vegetali, foglie, fusti e frutti. La tipica decorazione del capitello corinzio ha come elemento distintivo le foglie d\u2019acanto. Per analogia con le decorazioni corinzie, molte altre foglie vengono definite \u201cfoglia d\u2019acanto\u201d pur non corrispondendo a tale pianta da un punto di vista anatomico. Sfruttando alcune caratteristiche botaniche, abbiamo identificato in molte decorazioni i tratti che riteniamo caratteristici della pianta tipica delle coste pugliesi <em>Glaucium flavum<\/em> Crantz comunemente noto come \u2018papavero cornuto\u2019. Se l\u2019identificazione sar\u00e0 confermata da valutazioni indipendenti, questa pianta potrebbe rappresentare un motivo decorativo estremamente ricorrente poich\u00e9 parzialmente riprodotta in quasi ogni decorazione barocca del \u2018700. L\u2019importanza del riscontro di una pianta selvatica tipica degli ambienti salentini viene qui discussa. <br \/><strong>Parole chiave: <\/strong>barocco leccese, foglia d\u2019acanto, <em>Glaucium flavum<\/em> <br \/>Ricevuto il 02.07.2018<br \/>Accettato il 04.12.2018<br \/>Pubblicato online il 18.06.2019<\/p>\r\n\r\n\r\n\r\n<p><strong><a href=\"https:\/\/notiziario.societabotanicaitaliana.it\/wp-content\/uploads\/2019\/06\/Articoli-12_Acquerelli-e-licheni-di-A.B.-Massalongo.pdf\">Acquerelli e licheni di A.B. Massalongo<\/a><\/strong><br \/>F. Di Carlo, B. Burato <br \/><strong>Riassunto<\/strong> &#8211; Abramo Bartolomeo Massalongo (1824-1860) fu uno dei pi\u00f9 famosi lichenologi a livello europeo. Nell&#8217;arco di poco pi\u00f9 di dieci anni rivoluzion\u00f2 la sistematica dei licheni sui quali pubblic\u00f2 30 lavori, alcuni dei quali corredati da splendide figure a colori personalmente eseguite con la tecnica dell&#8217;acquerello.<br \/><strong>Parole chiave<\/strong>: Abramo Bartolomeo Massalongo, lichenologia, Museo di Storia Naturale di Verona <br \/>Ricevuto il 11.07.2018<br \/>Accettato il 06.12.2018 <br \/>Pubblicato online il 18.06.2019<\/p>\r\n\r\n\r\n\r\n<p><strong><a href=\"https:\/\/notiziario.societabotanicaitaliana.it\/wp-content\/uploads\/2020\/02\/Articoli-13_Il-grano-della-mummia.pdf\">Il grano della mummia: scienza, storia, archeologia (e un po&#8217; di ironia) nella\u00a0storia\u00a0di\u00a0un\u00a0curioso\u00a0reperto\u00a0naturalistico\u00a0fiorentino<\/a><\/strong><br \/>D. Vergari, C. Nepi, L. Cecchi\u00a0 <br \/><strong>Riassunto<\/strong> &#8211; \u00a0Il recente ritrovamento di un reperto museale, conservato presso la Carpoteca del Museo di Storia Naturale-Botanica (Sistema Museale di Ateneo &#8211; Universit\u00e0 di Firenze), \u00e8 stata l\u2019occasione per sciogliere le indicazioni riportate nel cartiglio, seguire le tracce di questo reperto negli ultimi 160 anni ed entrare in un episodio curioso della storia del Risorgimento.\u00a0<br \/><strong>Parole chiave<\/strong>:\u00a0Grano, Grani antichi, Mummia, Egitto, Cosimo Ridolfi, Piero Guicciardini <br \/>Ricevuto il 24.05.2019<br \/>Accettato il 07.08.2019<br \/>Pubblicato online il 03.12.2019<\/p>\r\n\r\n\r\n\r\n<p><a href=\"https:\/\/notiziario.societabotanicaitaliana.it\/wp-content\/uploads\/2020\/02\/Articoli-14_Aggiornamento-distribuzione-Lupinus-albus.pdf\"><strong>Aggiornamento sulla distribuzione di <em>Lupinus albus<\/em> L. subsp. <em>graecus<\/em> (Boiss. &amp; Spruner) Franco &amp; P.Silva (Fabaceae) nel Lazio<\/strong><\/a><br \/>G. Buccomino, P. Meschini, G. Monterosso, P. Verucci\u00a0<br \/><strong>Riassunto<\/strong> &#8211;\u00a0Viene segnalata una nuova stazione di <em>Lupinus albus<\/em> L. subsp. <em>graecus<\/em> (Boiss. &amp; Spruner) Franco &amp; P.Silva nel Lazio novit\u00e0 per la Flora del Parco naturale di Veio.\u00a0<br \/><strong>Parole chiave<\/strong>:\u00a0\u00a0aree protette, flora, <em>Lupinus albus <\/em>L. subsp. <em>graecus <\/em>(Boiss. &amp; Spruner) Franco &amp; P.Silva\u00a0 <br \/>Ricevuto il 05.12.2018<br \/>Accettato il 16.10.2019<br \/>Pubblicato online il 05.12.2019<\/p>\r\n","protected":false},"excerpt":{"rendered":"<p>VOLUME 3 (2019) Una stella alpina sul Monte PisanoA. Spinelli, F. GarbariRiassunto &#8211; Leontopodium alpinum risulta introdotto volontariamente sul Monte Pisano, a circa 600 metri di quota, in un contesto ecologico e geografico completamente estraneo alla specie. Parole chiave: flora esotica, introduzioni, Toscana Ricevuto il 12.06.2018Accettato il 04.02.2019Pubblicato online il 06.06.2019 Ipotesi sulla presenza di [&hellip;]<\/p>\n","protected":false},"author":5,"featured_media":0,"parent":0,"menu_order":0,"comment_status":"closed","ping_status":"closed","template":"","meta":{"footnotes":""},"class_list":["post-1132","page","type-page","status-publish","hentry"],"_links":{"self":[{"href":"https:\/\/notiziario.societabotanicaitaliana.it\/index.php\/wp-json\/wp\/v2\/pages\/1132","targetHints":{"allow":["GET"]}}],"collection":[{"href":"https:\/\/notiziario.societabotanicaitaliana.it\/index.php\/wp-json\/wp\/v2\/pages"}],"about":[{"href":"https:\/\/notiziario.societabotanicaitaliana.it\/index.php\/wp-json\/wp\/v2\/types\/page"}],"author":[{"embeddable":true,"href":"https:\/\/notiziario.societabotanicaitaliana.it\/index.php\/wp-json\/wp\/v2\/users\/5"}],"replies":[{"embeddable":true,"href":"https:\/\/notiziario.societabotanicaitaliana.it\/index.php\/wp-json\/wp\/v2\/comments?post=1132"}],"version-history":[{"count":21,"href":"https:\/\/notiziario.societabotanicaitaliana.it\/index.php\/wp-json\/wp\/v2\/pages\/1132\/revisions"}],"predecessor-version":[{"id":1619,"href":"https:\/\/notiziario.societabotanicaitaliana.it\/index.php\/wp-json\/wp\/v2\/pages\/1132\/revisions\/1619"}],"wp:attachment":[{"href":"https:\/\/notiziario.societabotanicaitaliana.it\/index.php\/wp-json\/wp\/v2\/media?parent=1132"}],"curies":[{"name":"wp","href":"https:\/\/api.w.org\/{rel}","templated":true}]}}